what is 11230 + 2?
11232
In base 11, what is -2 - 791?
-793
In base 11, what is -5 + -129?
-133
In base 10, what is 506 - -5?
511
In base 16, what is -c9 - 0?
-c9
In base 6, what is 40 - -115?
155
In base 8, what is -1634 - 2?
-1636
In base 5, what is -2 - -32403?
32401
In base 16, what is -1a - -1?
-19
In base 7, what is 11 - 125?
-114
In base 8, what is -5 - 2554?
-2561
In base 14, what is 6d + -3?
6a
In base 16, what is -d0 + -1?
-d1
In base 16, what is -4 + -6?
-a
In base 8, what is 36 + 100?
136
In base 10, what is 124 - 35?
89
In base 12, what is 40 + 5?
45
In base 5, what is 1142 - 0?
1142
In base 5, what is 10 - 143?
-133
In base 11, what is 52 - -7?
59
In base 3, what is 2211 + 112?
10100
In base 5, what is -1343 - -220?
-1123
In base 13, what is 3 + 1a5?
1a8
In base 2, what is -101 - -101101?
101000
In base 7, what is 406 + -1?
405
In base 4, what is -1101 - -31?
-1010
In base 8, what is -11 - 46?
-57
In base 13, what is -1 - -55?
54
In base 13, what is -4b + 10?
-3b
In base 16, what is 1 - 9b?
-9a
In base 12, what is -53 - 5?
-58
In base 7, what is 5 + -143?
-135
In base 9, what is 11 + 2010?
2021
In base 9, what is -5411 - 3?
-5414
In base 8, what is 502 + 3?
505
In base 14, what is -127 - -19?
-10c
In base 4, what is 11 - -2101?
2112
In base 11, what is 18 + 22?
3a
In base 15, what is 2 + 1d?
20
In base 15, what is 1b + -a?
11
In base 8, what is 1 - -5254?
5255
In base 11, what is 10 - 22?
-12
In base 5, what is -242333 + -1?
-242334
In base 8, what is -1 + -22?
-23
In base 12, what is -93 + 0?
-93
In base 9, what is -286 - 51?
-347
In base 16, what is -1f5 + 1?
-1f4
In base 3, what is 2 + 1210?
1212
In base 12, what is b03 - 2?
b01
In base 12, what is 48 + -27?
21
In base 7, what is -14 + -22?
-36
In base 14, what is -4 + 1b?
17
In base 15, what is 6 + -44?
-3d
In base 5, what is 1210 - 1?
1204
In base 5, what is 1 + 14321?
14322
In base 13, what is 8 + -c0?
-b5
In base 5, what is 1340 + 10?
1400
In base 13, what is 8 - 83?
-78
In base 15, what is -1 - 14?
-15
In base 10, what is -4 - -409?
405
In base 10, what is -21 - 2?
-23
In base 4, what is -22 + -11?
-33
In base 9, what is 1730 - -5?
1735
In base 8, what is -10 - -234?
224
In base 15, what is -b + 17?
b
In base 14, what is -23 + -33?
-56
In base 8, what is 177 - 4?
173
In base 16, what is -8 + -10e?
-116
In base 3, what is 121 - -1021?
1212
In base 8, what is -3 - -30?
25
In base 13, what is -2 + -5?
-7
In base 4, what is -10 - -321001?
320331
In base 3, what is -2 - -1112111?
1112102
In base 3, what is 1 - 1202?
-1201
In base 4, what is -33332 - -1?
-33331
In base 15, what is 251 + 0?
251
In base 3, what is -2020 - 110?
-2200
In base 3, what is -1 - -2112010?
2112002
In base 7, what is -5 + 1401?
1363
In base 12, what is 475 + -7?
46a
In base 9, what is -1474 + -1?
-1475
In base 3, what is -1 + -12002?
-12010
In base 12, what is 35a + -4?
356
In base 5, what is 31 + 1?
32
In base 16, what is -9 + -18?
-21
In base 12, what is -5 + -448?
-451
In base 6, what is 2 + -1115?
-1113
In base 9, what is 207 - -2?
210
In base 10, what is 182 - 55?
127
In base 14, what is 2 - -41?
43
In base 3, what is -11112 - 2?
-11121
In base 10, what is 485 - 5?
480
In base 15, what is -25 - 7?
-2c
In base 6, what is -10 - 12?
-22
In base 6, what is 52124 - 3?
52121
In base 5, what is 201 - 331?
-130
In base 10, what is 5 - 19?
-14
In base 12, what is -4a5 + 1?
-4a4
In base 15, what is 5 - -74?
79
In base 7, what is -216 - 0?
-216
In base 16, what is 29 + -3?
26
In base 4, what is 11 + 12202?
12213
In base 9, what is -44 + -4?
-48
In base 9, what is -4280 + 1?
-4278
In base 11, what is 4 + -51a?
-516
In base 5, what is 1 + 3112?
3113
In base 15, what is b - -e0?
eb
In base 8, what is -64 - 3?
-67
In base 13, what is 32b - 4?
327
In base 15, what is -11d + -35?
-153
In base 9, what is -175 + 18?
-156
In base 7, what is -4 - -2?
-2
In base 15, what is -139 + 1?
-138
In base 12, what is 3 - -1a9?
1b0
In base 8, what is -3 - 312?
-315
In base 12, what is 3 + 4?
7
In base 3, what is -200020 - -10?
-200010
In base 4, what is -101 + 21?
-20
In base 6, what is 22 - -151?
213
In base 8, what is 0 + -103?
-103
In base 6, what is 10 - 11?
-1
In base 5, what is -132 - 12?
-144
In base 9, what is 46 - -13?
60
In base 9, what is 7 + -48?
-41
In base 16, what is -2 - -3e?
3c
In base 14, what is 3 + cbc?
cc1
In base 13, what is -a5 - 187?
-25c
In base 12, what is -1a0 + -3?
-1a3
In base 12, what is 0 + 82?
82
In base 9, what is 14 - -4?
18
In base 3, what is -110 + 12101?
11221
In base 2, what is -1000111011 - 100?
-1000111111
In base 10, what is -970 + -40?
-1010
In base 4, what is 3 - -121?
130
In base 2, what is -100 + -1000001000?
-1000001100
In base 4, what is -1 + 1020?
1013
In base 10, what is -3554 - 2?
-3556
In base 15, what is -a3 - 0?
-a3
In base 4, what is 332 + 112?
1110
In base 15, what is 3e1 + -7?
3d9
In base 8, what is 510 - 10?
500
In base 15, what is -4 - 2?
-6
In base 13, what is -4 + -10c?
-113
In base 5, what is 10 + 12402?
12412
In base 14, what is 4 + 599?
59d
In base 9, what is 305 - 3?
302
In base 12, what is -7 - -29?
22
In base 15, what is 17 + -104?
-dc
In base 11, what is 76 + 3?
79
In base 12, what is a1 - -63?
144
In base 10, what is 944 + 0?
944
In base 7, what is -526 + 10?
-516
In base 4, what is -2 - -121103?
121101
In base 6, what is 332 + 2?
334
In base 16, what is 30 + -7?
29
In base 15, what is 4 + 122e?
1233
In base 12, what is 7b - 5?
76
In base 13, what is 1b1 + 0?
1b1
In base 13, what is 4 - -9a6?
9aa
In base 5, what is -13 + -4?
-22
In base 12, what is 1 + -561?
-560
In base 16, what is -2 - 5f?
-61
In base 6, what is 5 + 242?
251
In base 16, what is -3 - -3e?
3b
In base 4, what is -1020 + 30?
-330
In base 5, what is -10 - 121201?
-121211
In base 2, what is -100011000111 - 1?
-100011001000
In base 8, what is -55 - 7?
-64
In base 15, what is -321 + -1?
-322
In base 10, what is 58 + -222?
-164
In base 7, what is -3 - -50?
44
In base 3, what is 1022 - 12?
1010
In base 8, what is 5352 + 4?
5356
In base 6, what is 5 + 1304?
1313
In base 16, what is -40 + -4?
-44
In base 5, what is 1312 + 10?
1322
In base 12, what is -47 - 4?
-4b
In base 2, what is -10010000100 + 1?
-10010000011
In base 7, what is -1544 - -2?
-1542
In base 9, what is -1 + 0?
-1
In base 2, what is -11100100001 + 1?
-11100100000
In base 16, what is 4 - -b?
f
In base 9, what is 120 - -8?
128
In base 16, what is 3 - 31?
-2e
In base 13, what is -56 + 21c?
196
In base 8, what is 4 - 41?
-35
In base 9, what is -21 + -88?
-120
In base 10, what is -382 - 69?
-451
In base 5, what is -24 - 21?
-100
In base 16, what is 29 + 35?
5e
In base 12, what is 92 + -b?
83
In base 15, what is -4 + -3e?
-43
In base 3, what is 21 - 2010?
-1212
In base 16, what is 1 + 3d?
3e
In base 16, what is 6 - -18?
1e
In base 7, what is 1033 - 100?
633
In base 3, what is -111210 - 220?
-112200
In base 4, what is 10023 + 3?
10032
In base 6, what is -1 + 341?
340
In base 12, what is -4 - 516?
-51a
In base 13, what is 3 + 45?
48
In base 6, what is 3 - 402?
-355
In base 9, what is 8 - -121?
130
In base 9, what is -12 - -65?
53
In base 11, what is -5 + 577?
572
In base 2, what is -10 + 110001110?
110001100
In base 16, what is -94 + -19?
-ad
In base 16, what is 0 + -2e9?
-2e9
In base 10, what is 2 + -59?
-57
In base 12, what is -2 - -60?
5a
In base 14, what is -1 - -171?
170
In base 15, what is -8a0 - 3?
-8a3
In base 14, what is 0 - c?
-c
In base 16, what is -1 - 1ec?
-1ed
In base 10, what is -795 - -7?
-788
In base 12, what is 3 - 1aa3?
-1aa0
In base 3, what is 11 + -21110?
-21022
In base 15, what is 6 - 3?
3
In base 3, what is -122 - -1210102?
1202210
In base 9, what is -841 - -3?
-837
In base 16, what is -4 - -21?
1d
In base 8, what is 5 + -57?
-52
In base 9, what is -31284 - -3?
-31281
In base 10, what is -2 + -20?
-22
In base 13, what is -25c + -5?
-264
In base 9, what is 5 - 583?
-577
In base 2, what is 111111110000 - 1?
111111101111
In base 5, what is 2 + -420?
-413
In base 7, what is 2305 + 5?
2313
In base 7, what is 4 - -464?
501
In base 10, what is -100 - -9?
-91
In base 12, what is 9 + -19?
-10
In base 9, what is 3283 - 3?
3280
In base 15, what is 19 - -13?
2c
In base 13, what is 152 + -11?
141
In base 5, what is -13 + 1342?
1324
In b